tor of 2464 and 4?
4
Calculate the greatest common divisor of 195 and 26.
13
Calculate the greatest common divisor of 3357 and 9.
9
Calculate the greatest common factor of 49 and 931.
49
What is the highest common divisor of 10032 and 440?
88
What is the highest common factor of 247 and 533?
13
What is the greatest common divisor of 441 and 49?
49
Calculate the greatest common factor of 10611 and 81.
81
What is the greatest common factor of 2344 and 184?
8
What is the greatest common divisor of 207 and 92?
23
What is the highest common factor of 4900 and 175?
175
What is the greatest common factor of 2290 and 10?
10
Calculate the greatest common divisor of 85 and 867.
17
Calculate the highest common divisor of 112 and 5584.
16
Calculate the greatest common factor of 29 and 5.
1
What is the greatest common factor of 8074 and 44?
22
What is the highest common divisor of 25818 and 26?
26
What is the highest common factor of 15 and 31155?
15
What is the greatest common factor of 93 and 46965?
93
Calculate the highest common divisor of 1022 and 14.
14
What is the highest common divisor of 15 and 405?
15
What is the greatest common factor of 47 and 5123?
47
What is the greatest common factor of 1975 and 79?
79
Calculate the highest common factor of 410 and 110.
10
What is the greatest common divisor of 170 and 25?
5
Calculate the greatest common factor of 403 and 52.
13
What is the highest common divisor of 46 and 1081?
23
Calculate the highest common divisor of 45 and 75.
15
Calculate the greatest common factor of 3590 and 10.
10
Calculate the highest common divisor of 704 and 44.
44
Calculate the greatest common factor of 15504 and 608.
304
Calculate the greatest common divisor of 64 and 320.
64
Calculate the greatest common factor of 354 and 944.
118
What is the greatest common factor of 46 and 322?
46
Calculate the greatest common factor of 84585 and 15.
15
Calculate the highest common divisor of 2275 and 2821.
91
Calculate the highest common divisor of 25 and 1600.
25
Calculate the greatest common factor of 45370 and 130.
130
What is the greatest common factor of 308 and 378?
14
Calculate the greatest common factor of 640 and 40.
40
Calculate the highest common factor of 8 and 260.
4
What is the highest common divisor of 1996 and 44?
4
What is the highest common factor of 434 and 186?
62
Calculate the highest common divisor of 9 and 9.
9
What is the highest common factor of 568 and 1775?
71
Calculate the greatest common divisor of 2 and 38.
2
Calculate the highest common divisor of 57 and 38.
19
What is the greatest common factor of 288 and 64?
32
Calculate the greatest common divisor of 4 and 52.
4
Calculate the highest common divisor of 171 and 19.
19
What is the greatest common factor of 74 and 37?
37
Calculate the greatest common divisor of 2016 and 64.
32
What is the greatest common divisor of 14893 and 53?
53
What is the highest common factor of 250 and 3300?
50
What is the highest common divisor of 10 and 590?
10
What is the greatest common divisor of 3969 and 1568?
49
Calculate the greatest common divisor of 71 and 284.
71
Calculate the highest common factor of 388 and 2231.
97
Calculate the greatest common factor of 554 and 2.
2
What is the greatest common divisor of 48 and 240?
48
What is the highest common divisor of 3322 and 110?
22
Calculate the highest common factor of 310 and 186.
62
What is the greatest common divisor of 40 and 4910?
10
Calculate the highest common divisor of 18154 and 58.
58
Calculate the greatest common divisor of 48 and 60.
12
Calculate the highest common factor of 114 and 38.
38
Calculate the greatest common divisor of 3888 and 32.
16
What is the greatest common factor of 4606 and 49?
49
What is the highest common factor of 36 and 52?
4
Calculate the highest common divisor of 978 and 815.
163
What is the highest common factor of 184 and 16652?
92
What is the highest common divisor of 57 and 228?
57
What is the highest common factor of 105 and 6405?
105
What is the greatest common divisor of 1290 and 24940?
430
What is the highest common divisor of 1 and 1?
1
What is the greatest common divisor of 232 and 1450?
58
What is the greatest common divisor of 636 and 948?
12
What is the highest common factor of 4 and 2?
2
Calculate the greatest common divisor of 57 and 551.
19
Calculate the greatest common factor of 832 and 78.
26
What is the greatest common factor of 441 and 9?
9
Calculate the highest common factor of 4805 and 155.
155
Calculate the highest common factor of 946 and 264.
22
What is the highest common factor of 6 and 81?
3
What is the greatest common factor of 6804 and 84?
84
Calculate the highest common divisor of 26 and 403.
13
What is the greatest common factor of 172 and 1118?
86
Calculate the highest common divisor of 585 and 897.
39
What is the greatest common divisor of 6461 and 182?
91
What is the highest common divisor of 26 and 962?
26
Calculate the greatest common divisor of 24 and 228.
12
What is the highest common factor of 1 and 93?
1
What is the highest common factor of 480 and 40?
40
Calculate the greatest common divisor of 15 and 180.
15
What is the greatest common divisor of 1652 and 28?
28
Calculate the greatest common factor of 108 and 2412.
36
Calculate the greatest common divisor of 7 and 791.
7
What is the highest common factor of 9540 and 120?
60
What is the highest common divisor of 231 and 9?
3
Calculate the greatest common factor of 196 and 35182.
98
Calculate the highest common factor of 745 and 1937.
149
What is the greatest common factor of 130 and 3445?
65
Calculate the highest common factor of 31 and 248.
31
What is the greatest common divisor of 7865 and 130?
65
Calculate the greatest common divisor of 57 and 1007.
19
What is the highest common factor of 9 and 339?
3
What is the greatest common divisor of 10649 and 69?
23
What is the highest common divisor of 84 and 567?
21
Calculate the highest common factor of 13 and 169.
13
Calculate the highest common factor of 2678 and 309.
103
What is the highest common divisor of 585 and 273?
39
Calculate the greatest common factor of 28 and 6748.
28
What is the greatest common factor of 114 and 168?
6
What is the greatest common factor of 15 and 411?
3
What is the greatest common factor of 3 and 9?
3
What is the highest common divisor of 57 and 2679?
57
What is the greatest common factor of 200 and 7075?
25
Calculate the greatest common factor of 529 and 23.
23
Calculate the highest common factor of 228 and 1536.
12
Calculate the greatest common divisor of 78 and 338.
26
What is the highest common factor of 4660 and 380?
20
Calculate the highest common factor of 120 and 16.
8
Calculate the highest common factor of 1120 and 160.
160
What is the highest common factor of 22 and 2915?
11
Calculate the greatest common divisor of 24 and 3288.
24
Calculate the highest common factor of 25 and 1275.
25
What is the greatest common factor of 5311 and 226?
113
Calculate the greatest common factor of 1072 and 67.
67
Calculate the greatest common factor of 4460 and 40.
20
Calculate the greatest common factor of 66 and 88.
22
Calculate the highest common divisor of 4672 and 64.
64
Calculate the greatest common divisor of 13308 and 12.
12
What is the greatest common factor of 1224 and 10200?
408
Calculate the greatest common factor of 7383 and 138.
69
What is the highest common divisor of 728 and 392?
56
What is the highest common divisor of 14 and 804?
2
What is the greatest common divisor of 888 and 24?
24
Calculate the greatest common factor of 14 and 98.
14
What is the highest common divisor of 110 and 649?
11
Calculate the highest common factor of 385 and 875.
35
What is the greatest common factor of 1568 and 294?
98
What is the greatest common divisor of 8 and 2152?
8
Calculate the greatest common factor of 544 and 112.
16
What is the greatest common divisor of 5389 and 17?
17
Calculate the highest common divisor of 7124 and 312.
52
What is the highest common divisor of 22 and 22?
22
What is the greatest common factor of 212 and 12?
4
Calculate the highest common factor of 377 and 58.
29
What is the greatest common factor of 128 and 48?
16
Calculate the highest common factor of 90 and 60.
30
What is the highest common factor of 807